 base 16?
-1d7ef7
Convert -2e005 (base 15) to base 6.
-3103305
Convert 104553645 (base 7) to base 4.
120022011321
1367240 (base 10) to base 2
101001101110011001000
Convert -100212220111 (base 3) to base 4.
-233200033
What is 1200201020020 (base 3) in base 8?
3335252
-39b7bb (base 12) to base 6
-32233155
What is 55a40 (base 12) in base 16?
1bc90
-100012120110 (base 3) to base 7
-1353210
-5034 (base 6) to base 15
-4d7
Convert -254512a (base 11) to base 10.
-4413749
-2127200 (base 9) to base 16
-11665e
What is -18b93 (base 16) in base 10?
-101267
Convert 1010031 (base 7) to base 11.
82237
Convert 101719 (base 15) to base 12.
30a3b9
Convert 13102403210 (base 5) to base 13.
3433b58
1210c5 (base 14) to base 8
2266145
What is -8b9272 (base 12) in base 9?
-4175355
Convert -11000010011110111101000 (base 2) to base 15.
-85d3b0
What is 2112113 (base 6) in base 12?
4b639
-4249 (base 15) to base 3
-201020020
Convert -1932475 (base 11) to base 8.
-14357113
-11001110001111001001111 (base 2) to base 9
-13640162
What is 312565 (base 7) in base 14?
1586c
What is -8dfd0 (base 16) in base 8?
-2157720
What is 23452240 (base 7) in base 12?
8438ba
-202112020211112 (base 3) to base 5
-10243044424
What is -11204123 (base 8) in base 3?
-11120022011112
-21001112002 (base 3) to base 11
-95394
Convert -2766b (base 14) to base 9.
-157433
Convert -54632 (base 8) to base 11.
-16263
-34257 (base 9) to base 14
-8457
6cbcc (base 13) to base 3
101011000102
What is 5312055 (base 6) in base 16?
3f143
-1c14a71 (base 14) to base 3
-222102001020012
105103355 (base 6) to base 5
442441323
2643506 (base 7) to base 9
578022
Convert d2c81 (base 15) to base 6.
22151104
1191624 (base 10) to base 4
10202323020
What is 101424314 (base 6) in base 10?
1760950
What is 100020110210200 (base 3) in base 15?
66ee00
-1111101011110001011011 (base 2) to base 4
-33223301123
6312262 (base 7) to base 11
479725
What is 3b44f (base 16) in base 14?
64687
-111000101010100011110 (base 2) to base 9
-3440038
Convert 1001221201220002 (base 3) to base 15.
153e14e
What is -150114211 (base 6) in base 11?
-1820055
What is -132232222 (base 6) in base 11?
-1538a89
Convert -7851523 (base 9) to base 8.
-20076607
-12240111 (base 5) to base 9
-200064
2a1279 (base 11) to base 7
3665522
23210311023 (base 4) to base 14
58dbbd
Convert 110101102220202 (base 3) to base 9.
13342822
Convert -616c0 (base 14) to base 3.
-102220210022
What is -ec24 (base 15) in base 7?
-265504
What is 27570 (base 10) in base 12?
13b56
Convert b534a3 (base 15) to base 7.
133150461
-168b688 (base 13) to base 15
-995683
What is 1c18b (base 13) in base 3?
2210201210
What is -1104523 (base 7) in base 8?
-411632
Convert -14553601 (base 7) to base 9.
-2550704
20b80a1 (base 12) to base 9
12621014
Convert -1053344532 (base 6) to base 10.
-11646920
What is 1264225 (base 7) in base 4?
220303312
Convert -101132044 (base 5) to base 16.
-64784
What is -31304313 (base 5) in base 12?
-106532
Convert 21101211220222 (base 3) to base 15.
52a7be
-12321020211 (base 5) to base 14
-1dcc8dd
-3203415 (base 7) to base 9
-650856
-1a1b22 (base 16) to base 6
-100400430
Convert -221344 (base 6) to base 14.
-6a52
Convert -1666ba (base 12) to base 6.
-12124354
Convert 1230235 (base 6) to base 7.
363656
What is 5307123 (base 8) in base 5?
330201231
Convert 434230002 (base 5) to base 8.
7077356
Convert -141155 (base 8) to base 15.
-eb33
What is -21322140 (base 5) in base 13?
-65282
-1410232 (base 8) to base 13
-10bbb4
1102013430 (base 5) to base 10
2376115
What is 15779 (base 16) in base 11?
60076
Convert 221012312201 (base 4) to base 13.
2303b19
What is -52343515 (base 7) in base 15?
-5c2e34
What is 5847 (base 9) in base 14?
181a
Convert -451c5 (base 13) to base 11.
-86375
Convert 20102202101 (base 3) to base 15.
277e7
What is -926422 (base 12) in base 9?
-4272838
What is 100001011110101101 (base 2) in base 12?
67439
What is 4504510 (base 6) in base 7?
1632336
What is 5b97d (base 14) in base 11?
143443
What is -564a77 (base 12) in base 7?
-14463430
-510502352 (base 6) to base 10
-8717468
-20901b (base 13) to base 9
-1381712
Convert 2213221 (base 9) to base 14.
22d8d7
141111320 (base 5) to base 2
10110000011100010110
-11110011111110001101 (base 2) to base 13
-28cb0c
What is 4134133 (base 5) in base 4?
100213023
What is -26963b (base 16) in base 11?
-1477a44
Convert -12212 (base 16) to base 8.
-221022
563112 (base 7) to base 3
12001112020
-17736 (base 10) to base 12
-a320
What is 101000101011000100001 (base 2) in base 6?
44322121
What is 930739 (base 13) in base 7?
41066530
83ca16 (base 14) to base 13
bcb981
Convert -274042 (base 10) to base 14.
-71c26
What is cd7337 (base 14) in base 8?
32463325
Convert -4531064 (base 11) to base 3.
-112221020021102
-63457 (base 8) to base 14
-98ab
-36321365 (base 7) to base 15
-43caa8
211121222021 (base 3) to base 14
b8463
What is -5edded (base 15) in base 9?
-8508047
1022122012201102 (base 3) to base 16
120fd4f
What is 3020a8 (base 12) in base 2?
10110111001000000000
Convert -310533 (base 11) to base 8.
-1715403
What is 33342510 (base 7) in base 5?
1214301124
11110011101010000 (base 2) to base 5
12443002
-24311113 (base 8) to base 14
-9d22b9
What is -185c96 (base 13) in base 12?
-256845
What is -10723 (base 10) in base 9?
-15634
Convert 2b21 (base 13) to base 12.
3774
What is 14345032 (base 6) in base 8?
1711054
Convert 3340212 (base 8) to base 3.
1200210021221
Convert 110125211 (base 6) to base 13.
540226
What is -212134 (base 6) in base 13?
-7b79
What is -3c8668 (base 13) in base 15?
-1e21c7
-125118 (base 13) to base 12
-192486
What is a1a7e (base 15) in base 5?
112340434
What is -288515 (base 11) in base 5?
-103403444
Convert -8ac287 (base 15) to base 14.
-c45555
What is 4053413 (base 6) in base 10?
193905
1158424 (base 9) to base 2
10011001101011100001
-100513023 (base 6) to base 16
-1a4087
8b0743 (base 16) to base 10
9111363
What is -138a06 (base 11) in base 14?
-59046
252052 (base 7) to base 2
1011010100000110
What is -acb7 (base 16) in base 2?
-1010110010110111
8493 (base 10) to base 3
102122120
Convert -111341 (base 6) to base 8.
-22315
-636526 (base 7) to base 5
-12012433
-2d0c3 (base 14) to base 7
-646333
Convert -1123111141 (base 5) to base 6.
-130401124
What is -15530623 (base 9) in base 10?
-7755609
6128c3 (base 15) to base 10
4615608
What is -4333585 (base 9) in base 5?
-1043402023
What is -18e083 (base 15) in base 4?
-10213311210
-17042 (base 8) to base 9
-11521
-110234101 (base 5) to base 14
-c5da1
Convert -38cec7 (base 15) to base 3.
-12010112200121
What is 969f9 (base 16) in base 4?
2112213321
Convert 1110000011001000101 (base 2) to base 6.
13511141
-27251413 (base 8) to base 11
-34a8138
121315450 (base 6) to base 13
62c47b
334255353 (base 6) to base 3
102110022220020
What is -3dd48 (base 15) in base 11?
-126356
What is 1133699 (base 12) in base 15?
453ac9
Convert -132230111 (base 5) to base 11.
-4141a6
Convert 203002234 (base 5) to base 16.
ca41c
20341 (base 13) to base 4
32011102
Convert 28b3e9 (base 15) to base 13.
538c14
124112444 (base 5) to base 4
2111301323
Convert -1108837 (base 12) to base 6.
-153353311
What is 142553140 (base 6) in base 8?
13153564
-2d66d (base 15) to base 13
-51943
-1210231303 (base 4) to base 12
-17a897
Convert 2052a1 (base 11) to base 8.
1202626
56216140 (base 8) to base 9
24740160
-31757 (base 12) to base 13
-2378b
Convert 4248604 (base 11) to base 13.
171ab2c
144332154 (base 6) to base 5
1232414302
Convert 1122011333 (base 4) to base 3.
200202012112
Convert 6456a (base 12) to base 10.
132130
Convert 1420226 (base 7) to base 15.
3b382
-102020202112 (base 3) to base 16
-36101
241441 (base 8) to base 16
14321
4f6c53 (base 16) to base 13
1103235
161763 (base 9) to base 7
563604
Convert -21a4260 (base 11) to base 15.
-5128b0
Convert -31083 (base 10) to base 7.
-156423
-10011000001011100100 (base 2) to base 6
-21205444
What is 223a780 (base 11) in base 10?
3923392
-431272 (base 8) to base 9
-238544
4234121103 (base 5) to base 10
8895153
Convert -23257701 (base 9) to base 4.
-223022321203
What is c616b9 (base 16) in base 12?
4420849
What is -153361 (base 9) in base 14?
-26547
-2d8b (base 14) to base 9
-12165
-32301324 (base 5) to base 9
-458463
36abb (base 13) to base 4
120211211
What is 363a1d (base 